CRAN Package Check Results for Package vistla

Last updated on 2025-11-07 13:50:29 CET.

Flavor Version Tinstall Tcheck Ttotal Status Flags
r-devel-linux-x86_64-debian-clang 2.1.1 4.65 34.25 38.90 WARN
r-devel-linux-x86_64-debian-gcc 2.1.1 3.35 26.30 29.65 WARN
r-devel-linux-x86_64-fedora-clang 2.1.1 17.00 41.58 58.58 WARN
r-devel-linux-x86_64-fedora-gcc 2.1.1 22.00 47.59 69.59 WARN
r-devel-windows-x86_64 2.1.1 7.00 70.00 77.00 NOTE
r-patched-linux-x86_64 2.1.1 5.00 31.64 36.64 NOTE
r-release-linux-x86_64 2.1.1 4.48 31.68 36.16 NOTE
r-release-macos-arm64 2.1.1 3.00 31.00 34.00 NOTE
r-release-macos-x86_64 2.1.1 7.00 48.00 55.00 NOTE
r-release-windows-x86_64 2.1.1 7.00 71.00 78.00 NOTE
r-oldrel-macos-arm64 2.1.1 3.00 46.00 49.00 OK
r-oldrel-macos-x86_64 2.1.1 12.00 97.00 109.00 OK
r-oldrel-windows-x86_64 2.1.1 9.00 73.00 82.00 OK

Check Details

Version: 2.1.1
Check: compiled code
Result: WARN File ‘vistla/libs/vistla.so’: Found non-API call to R: ‘Rf_isFrame’ This entry point may be removed soon. Compiled code should not call non-API entry points in R. See ‘Writing portable packages’ in the ‘Writing R Extensions’ manual, and section ‘Moving into C API compliance’ for issues with the use of non-API entry points. Flavors: r-devel-linux-x86_64-debian-clang, r-devel-linux-x86_64-debian-gcc, r-devel-linux-x86_64-fedora-clang, r-devel-linux-x86_64-fedora-gcc

Version: 2.1.1
Check: compiled code
Result: NOTE File 'vistla/libs/x64/vistla.dll': Found non-API call to R: 'Rf_isFrame' Compiled code should not call non-API entry points in R. See 'Writing portable packages' in the 'Writing R Extensions' manual, and section 'Moving into C API compliance' for issues with the use of non-API entry points. Flavors: r-devel-windows-x86_64, r-release-windows-x86_64

Version: 2.1.1
Check: compiled code
Result: NOTE File ‘vistla/libs/vistla.so’: Found non-API call to R: ‘Rf_isFrame’ Compiled code should not call non-API entry points in R. See ‘Writing portable packages’ in the ‘Writing R Extensions’ manual, and section ‘Moving into C API compliance’ for issues with the use of non-API entry points. Flavors: r-patched-linux-x86_64, r-release-linux-x86_64, r-release-macos-arm64, r-release-macos-x86_64