Last updated on 2025-11-07 13:50:26 CET.
| Flavor | Version | Tinstall | Tcheck | Ttotal | Status | Flags |
|---|---|---|---|---|---|---|
| r-devel-linux-x86_64-debian-clang | 1.0.2 | 2.55 | 24.55 | 27.10 | NOTE | |
| r-devel-linux-x86_64-debian-gcc | 1.0.2 | 1.81 | 19.57 | 21.38 | NOTE | |
| r-devel-linux-x86_64-fedora-clang | 1.0.2 | 37.70 | OK | |||
| r-devel-linux-x86_64-fedora-gcc | 1.0.2 | 36.03 | OK | |||
| r-devel-windows-x86_64 | 1.0.2 | 3.00 | 40.00 | 43.00 | OK | |
| r-patched-linux-x86_64 | 1.0.2 | 2.71 | 21.95 | 24.66 | OK | |
| r-release-linux-x86_64 | 1.0.2 | 2.15 | 22.37 | 24.52 | OK | |
| r-release-macos-arm64 | 1.0.2 | 1.00 | 14.00 | 15.00 | OK | |
| r-release-macos-x86_64 | 1.0.2 | 2.00 | 21.00 | 23.00 | OK | |
| r-release-windows-x86_64 | 1.0.2 | 4.00 | 43.00 | 47.00 | OK | |
| r-oldrel-macos-arm64 | 1.0.2 | 1.00 | 14.00 | 15.00 | OK | |
| r-oldrel-macos-x86_64 | 1.0.2 | 2.00 | 19.00 | 21.00 | OK | |
| r-oldrel-windows-x86_64 | 1.0.2 | 3.00 | 40.00 | 43.00 | OK |
Version: 1.0.2
Check: CRAN incoming feasibility
Result: NOTE
Maintainer: ‘Roberto Villegas-Diaz <r.villegas-diaz@outlook.com>’
Package CITATION file contains call(s) to old-style citEntry(). Please
use bibentry() instead.
Flavors: r-devel-linux-x86_64-debian-clang, r-devel-linux-x86_64-debian-gcc