CRAN Package Check Results for Package roptim

Last updated on 2025-10-07 13:49:48 CEST.

Flavor Version Tinstall Tcheck Ttotal Status Flags
r-devel-linux-x86_64-debian-clang 0.1.7 23.21 28.68 51.89 OK
r-devel-linux-x86_64-debian-gcc 0.1.7 15.34 23.02 38.36 OK
r-devel-linux-x86_64-fedora-clang 0.1.7 97.67 OK
r-devel-linux-x86_64-fedora-gcc 0.1.7 100.39 OK
r-devel-windows-x86_64 0.1.7 30.00 69.00 99.00 OK
r-patched-linux-x86_64 0.1.6 21.36 27.36 48.72 NOTE
r-release-linux-x86_64 0.1.7 24.57 27.24 51.81 OK
r-release-macos-arm64 0.1.6 44.00 NOTE
r-release-macos-x86_64 0.1.7 104.00 OK
r-release-windows-x86_64 0.1.7 30.00 69.00 99.00 OK
r-oldrel-macos-arm64 0.1.6 37.00 NOTE
r-oldrel-macos-x86_64 0.1.7 103.00 OK
r-oldrel-windows-x86_64 0.1.7 28.00 85.00 113.00 OK

Check Details

Version: 0.1.6
Check: C++ specification
Result: NOTE Specified C++11: please drop specification unless essential Flavors: r-patched-linux-x86_64, r-release-macos-arm64, r-oldrel-macos-arm64