Last updated on 2025-10-07 13:49:46 CEST.
Flavor | Version | Tinstall | Tcheck | Ttotal | Status | Flags |
---|---|---|---|---|---|---|
r-devel-linux-x86_64-debian-clang | 0.4.3 | 9.56 | 89.92 | 99.48 | OK | |
r-devel-linux-x86_64-debian-gcc | 0.4.3 | 6.42 | 65.01 | 71.43 | OK | |
r-devel-linux-x86_64-fedora-clang | 0.4.3 | 150.70 | OK | |||
r-devel-linux-x86_64-fedora-gcc | 0.4.3 | 143.47 | OK | |||
r-devel-windows-x86_64 | 0.4.3 | 11.00 | 91.00 | 102.00 | OK | |
r-patched-linux-x86_64 | 0.4.3 | 8.87 | 85.60 | 94.47 | OK | |
r-release-linux-x86_64 | 0.4.3 | 9.12 | 84.87 | 93.99 | OK | |
r-release-macos-arm64 | 0.4.3 | 47.00 | OK | |||
r-release-macos-x86_64 | 0.4.3 | 79.00 | OK | |||
r-release-windows-x86_64 | 0.4.3 | 11.00 | 91.00 | 102.00 | OK | |
r-oldrel-macos-arm64 | 0.4.3 | 43.00 | NOTE | |||
r-oldrel-macos-x86_64 | 0.4.3 | 69.00 | NOTE | |||
r-oldrel-windows-x86_64 | 0.4.3 | 14.00 | 112.00 | 126.00 | NOTE |
Version: 0.4.3
Check: LazyData
Result: NOTE
'LazyData' is specified without a 'data' directory
Flavors: r-oldrel-macos-arm64, r-oldrel-macos-x86_64, r-oldrel-windows-x86_64