Last updated on 2025-10-07 13:49:38 CEST.
Flavor | Version | Tinstall | Tcheck | Ttotal | Status | Flags |
---|---|---|---|---|---|---|
r-devel-linux-x86_64-debian-clang | 1.1.3.2 | 15.31 | 108.43 | 123.74 | OK | |
r-devel-linux-x86_64-debian-gcc | 1.1.3.2 | 10.31 | 74.02 | 84.33 | OK | |
r-devel-linux-x86_64-fedora-clang | 1.1.3.2 | 188.68 | OK | |||
r-devel-linux-x86_64-fedora-gcc | 1.1.3.2 | 174.56 | OK | |||
r-devel-windows-x86_64 | 1.1.3.2 | 16.00 | 120.00 | 136.00 | OK | |
r-patched-linux-x86_64 | 1.1.3.1 | 14.37 | 99.46 | 113.83 | NOTE | |
r-release-linux-x86_64 | 1.1.3.1 | 15.76 | 99.73 | 115.49 | NOTE | |
r-release-macos-arm64 | 1.1.3.1 | 61.00 | OK | |||
r-release-macos-x86_64 | 1.1.3.2 | 106.00 | OK | |||
r-release-windows-x86_64 | 1.1.3.1 | 17.00 | 118.00 | 135.00 | NOTE | |
r-oldrel-macos-arm64 | 1.1.3.1 | 49.00 | OK | |||
r-oldrel-macos-x86_64 | 1.1.3.2 | 137.00 | OK | |||
r-oldrel-windows-x86_64 | 1.1.3.1 | 22.00 | 145.00 | 167.00 | OK |
Version: 1.1.3.1
Check: Rd cross-references
Result: NOTE
Found the following Rd file(s) with Rd \link{} targets missing package
anchors:
Parsimnet-class.Rd: network, networx
as.DNAbin-methods.Rd: DNAbin
as.dna-methods.Rd: DNAbin, phyDat
as.network-methods.Rd: network
as.networx-methods.Rd: networx, as.splits
as.phyDat-methods.Rd: phyDat
parsimnet-methods.Rd: network
pielegend-methods.Rd: floating.pie, plot.network.default
pieplot-methods.Rd: network.layout, floating.pie, network.vertex,
plot.network.default
plot-methods.Rd: plot.network.default
Please provide package anchors for all Rd \link{} targets not in the
package itself and the base packages.
Flavors: r-patched-linux-x86_64, r-release-linux-x86_64, r-release-windows-x86_64