Last updated on 2025-11-07 13:50:12 CET.
| Flavor | Version | Tinstall | Tcheck | Ttotal | Status | Flags |
|---|---|---|---|---|---|---|
| r-devel-linux-x86_64-debian-clang | 0.1.0 | 1.99 | 22.88 | 24.87 | OK | |
| r-devel-linux-x86_64-debian-gcc | 0.1.0 | 1.50 | 17.84 | 19.34 | OK | |
| r-devel-linux-x86_64-fedora-clang | 0.1.0 | 36.76 | OK | |||
| r-devel-linux-x86_64-fedora-gcc | 0.1.0 | 34.63 | OK | |||
| r-devel-windows-x86_64 | 0.1.0 | 4.00 | 48.00 | 52.00 | OK | |
| r-patched-linux-x86_64 | 0.1.0 | 1.87 | 21.57 | 23.44 | OK | |
| r-release-linux-x86_64 | 0.1.0 | 1.78 | 21.69 | 23.47 | OK | |
| r-release-macos-arm64 | 0.1.0 | 1.00 | 16.00 | 17.00 | OK | |
| r-release-macos-x86_64 | 0.1.0 | 2.00 | 27.00 | 29.00 | OK | |
| r-release-windows-x86_64 | 0.1.0 | 3.00 | 40.00 | 43.00 | OK | |
| r-oldrel-macos-arm64 | 0.1.0 | 1.00 | 14.00 | 15.00 | NOTE | |
| r-oldrel-macos-x86_64 | 0.1.0 | 2.00 | 26.00 | 28.00 | NOTE | |
| r-oldrel-windows-x86_64 | 0.1.0 | 2.00 | 42.00 | 44.00 | NOTE |
Version: 0.1.0
Check: LazyData
Result: NOTE
'LazyData' is specified without a 'data' directory
Flavors: r-oldrel-macos-arm64, r-oldrel-macos-x86_64, r-oldrel-windows-x86_64