Last updated on 2025-10-24 13:49:32 CEST.
| Flavor | Version | Tinstall | Tcheck | Ttotal | Status | Flags |
|---|---|---|---|---|---|---|
| r-devel-linux-x86_64-debian-clang | 2.1.11 | 30.57 | 205.29 | 235.86 | OK | |
| r-devel-linux-x86_64-debian-gcc | 2.1.11 | 21.62 | 138.58 | 160.20 | OK | |
| r-devel-linux-x86_64-fedora-clang | 2.1.11 | 124.00 | 255.36 | 379.36 | OK | |
| r-devel-linux-x86_64-fedora-gcc | 2.1.11 | 67.00 | 269.93 | 336.93 | OK | |
| r-devel-windows-x86_64 | 2.1.11 | 36.00 | 215.00 | 251.00 | OK | |
| r-patched-linux-x86_64 | 2.1.11 | 31.84 | 192.37 | 224.21 | OK | |
| r-release-linux-x86_64 | 2.1.11 | 28.28 | 192.83 | 221.11 | OK | |
| r-release-macos-arm64 | 2.1.11 | 17.00 | 90.00 | 107.00 | OK | |
| r-release-macos-x86_64 | 2.1.11 | 26.00 | 152.00 | 178.00 | OK | |
| r-release-windows-x86_64 | 2.1.11 | 37.00 | 214.00 | 251.00 | OK | |
| r-oldrel-macos-arm64 | 2.1.11 | 12.00 | 72.00 | 84.00 | NOTE | |
| r-oldrel-macos-x86_64 | 2.1.11 | 41.00 | 173.00 | 214.00 | OK | |
| r-oldrel-windows-x86_64 | 2.1.11 | 48.00 | 286.00 | 334.00 | OK |
Version: 2.1.11
Check: installed package size
Result: NOTE
installed size is 5.8Mb
sub-directories of 1Mb or more:
R 2.1Mb
data 1.3Mb
files 1.7Mb
Flavor: r-oldrel-macos-arm64